{"id":38,"date":"2019-11-18T12:52:37","date_gmt":"2019-11-18T14:52:37","guid":{"rendered":"http:\/\/dev.link\/?page_id=38"},"modified":"2020-06-12T09:39:56","modified_gmt":"2020-06-12T12:39:56","slug":"emissor-nf-e-produtos","status":"publish","type":"page","link":"https:\/\/www.linkcertificacao.com.br\/novo\/emissor-nf-e-produtos\/","title":{"rendered":"Emissor NF-e Produtos"},"content":{"rendered":"<h2>Conhe\u00e7a nossos planos<\/h2>\n","protected":false},"excerpt":{"rendered":"<p>Conhe\u00e7a nossos planos [&#8230;]<\/p>\n<p><a class=\"btn btn-secondary understrap-read-more-link\" href=\"https:\/\/www.linkcertificacao.com.br\/novo\/emissor-nf-e-produtos\/\">Leia mais&#8230;<\/a><\/p>\n","protected":false},"author":1,"featured_media":3620,"parent":0,"menu_order":0,"comment_status":"closed","ping_status":"closed","template":"templates-pages\/template-produtosAssinadorLink.php","meta":[],"yoast_head":"<!-- This site is optimized with the Yoast SEO plugin v16.1.1 - https:\/\/yoast.com\/wordpress\/plugins\/seo\/ -->\n<title>Emissor NF-E Produtos | Link Certificado Digital<\/title>\n<meta name=\"description\" content=\"Com o emissor de Notal Fiscal Eletr\u00f4nica Produtos Link, voc\u00ea e sua empresa t\u00eam muito mais seguran\u00e7a e agilidade para realizar transa\u00e7\u00f5es on-line.\" \/>\n<link rel=\"canonical\" href=\"https:\/\/www.linkcertificacao.com.br\/novo\/emissor-nf-e-produtos\/\" \/>\n<meta property=\"og:locale\" content=\"pt_BR\" \/>\n<meta property=\"og:type\" content=\"article\" \/>\n<meta property=\"og:title\" content=\"Emissor NF-E Produtos | Link Certificado Digital\" \/>\n<meta property=\"og:description\" content=\"Com o emissor de Notal Fiscal Eletr\u00f4nica Produtos Link, voc\u00ea e sua empresa t\u00eam muito mais seguran\u00e7a e agilidade para realizar transa\u00e7\u00f5es on-line.\" \/>\n<meta property=\"og:url\" content=\"https:\/\/www.linkcertificacao.com.br\/novo\/emissor-nf-e-produtos\/\" \/>\n<meta property=\"og:site_name\" content=\"Link Certifica\u00e7\u00e3o Digital\" \/>\n<meta property=\"article:publisher\" content=\"https:\/\/www.facebook.com\/linkcertificacao\" \/>\n<meta property=\"article:modified_time\" content=\"2020-06-12T12:39:56+00:00\" \/>\n<meta property=\"og:image\" content=\"https:\/\/www.linkcertificacao.com.br\/novo\/wp-content\/uploads\/2020\/03\/emissor_nota_fiscal_eletronica_link_certiifcacoes.jpg\" \/>\n\t<meta property=\"og:image:width\" content=\"1439\" \/>\n\t<meta property=\"og:image:height\" content=\"466\" \/>\n<meta name=\"twitter:card\" content=\"summary_large_image\" \/>\n<meta name=\"twitter:site\" content=\"@linkcertificado\" \/>\n<script type=\"application\/ld+json\" class=\"yoast-schema-graph\">{\"@context\":\"https:\/\/schema.org\",\"@graph\":[{\"@type\":\"WebSite\",\"@id\":\"https:\/\/www.linkcertificacao.com.br\/novo\/#website\",\"url\":\"https:\/\/www.linkcertificacao.com.br\/novo\/\",\"name\":\"Link Certifica\\u00e7\\u00e3o Digital\",\"description\":\"Seu Certificado Digital com uma das maiores Autoridades Certificadoras do pa\\u00eds\",\"potentialAction\":[{\"@type\":\"SearchAction\",\"target\":\"https:\/\/www.linkcertificacao.com.br\/novo\/?s={search_term_string}\",\"query-input\":\"required name=search_term_string\"}],\"inLanguage\":\"pt-BR\"},{\"@type\":\"ImageObject\",\"@id\":\"https:\/\/www.linkcertificacao.com.br\/novo\/emissor-nf-e-produtos\/#primaryimage\",\"inLanguage\":\"pt-BR\",\"url\":\"https:\/\/www.linkcertificacao.com.br\/novo\/wp-content\/uploads\/2020\/03\/emissor_nota_fiscal_eletronica_link_certiifcacoes.jpg\",\"contentUrl\":\"https:\/\/www.linkcertificacao.com.br\/novo\/wp-content\/uploads\/2020\/03\/emissor_nota_fiscal_eletronica_link_certiifcacoes.jpg\",\"width\":1439,\"height\":466},{\"@type\":\"WebPage\",\"@id\":\"https:\/\/www.linkcertificacao.com.br\/novo\/emissor-nf-e-produtos\/#webpage\",\"url\":\"https:\/\/www.linkcertificacao.com.br\/novo\/emissor-nf-e-produtos\/\",\"name\":\"Emissor NF-E Produtos | Link Certificado Digital\",\"isPartOf\":{\"@id\":\"https:\/\/www.linkcertificacao.com.br\/novo\/#website\"},\"primaryImageOfPage\":{\"@id\":\"https:\/\/www.linkcertificacao.com.br\/novo\/emissor-nf-e-produtos\/#primaryimage\"},\"datePublished\":\"2019-11-18T14:52:37+00:00\",\"dateModified\":\"2020-06-12T12:39:56+00:00\",\"description\":\"Com o emissor de Notal Fiscal Eletr\\u00f4nica Produtos Link, voc\\u00ea e sua empresa t\\u00eam muito mais seguran\\u00e7a e agilidade para realizar transa\\u00e7\\u00f5es on-line.\",\"breadcrumb\":{\"@id\":\"https:\/\/www.linkcertificacao.com.br\/novo\/emissor-nf-e-produtos\/#breadcrumb\"},\"inLanguage\":\"pt-BR\",\"potentialAction\":[{\"@type\":\"ReadAction\",\"target\":[\"https:\/\/www.linkcertificacao.com.br\/novo\/emissor-nf-e-produtos\/\"]}]},{\"@type\":\"BreadcrumbList\",\"@id\":\"https:\/\/www.linkcertificacao.com.br\/novo\/emissor-nf-e-produtos\/#breadcrumb\",\"itemListElement\":[{\"@type\":\"ListItem\",\"position\":1,\"item\":{\"@type\":\"WebPage\",\"@id\":\"https:\/\/www.linkcertificacao.com.br\/novo\/\",\"url\":\"https:\/\/www.linkcertificacao.com.br\/novo\/\",\"name\":\"In\\u00edcio\"}},{\"@type\":\"ListItem\",\"position\":2,\"item\":{\"@type\":\"WebPage\",\"@id\":\"https:\/\/www.linkcertificacao.com.br\/novo\/emissor-nf-e-produtos\/\",\"url\":\"https:\/\/www.linkcertificacao.com.br\/novo\/emissor-nf-e-produtos\/\",\"name\":\"Emissor NF-e Produtos\"}}]}]}<\/script>\n<!-- \/ Yoast SEO plugin. -->","_links":{"self":[{"href":"https:\/\/www.linkcertificacao.com.br\/novo\/wp-json\/wp\/v2\/pages\/38"}],"collection":[{"href":"https:\/\/www.linkcertificacao.com.br\/novo\/wp-json\/wp\/v2\/pages"}],"about":[{"href":"https:\/\/www.linkcertificacao.com.br\/novo\/wp-json\/wp\/v2\/types\/page"}],"author":[{"embeddable":true,"href":"https:\/\/www.linkcertificacao.com.br\/novo\/wp-json\/wp\/v2\/users\/1"}],"replies":[{"embeddable":true,"href":"https:\/\/www.linkcertificacao.com.br\/novo\/wp-json\/wp\/v2\/comments?post=38"}],"version-history":[{"count":38,"href":"https:\/\/www.linkcertificacao.com.br\/novo\/wp-json\/wp\/v2\/pages\/38\/revisions"}],"predecessor-version":[{"id":6649,"href":"https:\/\/www.linkcertificacao.com.br\/novo\/wp-json\/wp\/v2\/pages\/38\/revisions\/6649"}],"wp:featuredmedia":[{"embeddable":true,"href":"https:\/\/www.linkcertificacao.com.br\/novo\/wp-json\/wp\/v2\/media\/3620"}],"wp:attachment":[{"href":"https:\/\/www.linkcertificacao.com.br\/novo\/wp-json\/wp\/v2\/media?parent=38"}],"curies":[{"name":"wp","href":"https:\/\/api.w.org\/{rel}","templated":true}]}}